03-30 15:19:36.549: D/HierarchicalStateMachine(306): handleMessage: E msg.what=83
03-30 15:19:36.549: D/HierarchicalStateMachine(306): processMsg: ConnectedState
03-30 15:19:36.549: D/WifiStateMachine(306): ConnectedState{ what=83 when=-4ms arg1=56 }
03-30 15:19:36.559: D/HierarchicalStateMachine(306): handleMessage: X
03-30 15:19:36.779: W/PowerManagerService(306): Timer 0x3->0x3|0x0
03-30 15:19:38.899: I/InputReader(306): dispatchTouch::touch event's action is 0, pending(waiting finished signal)=0
03-30 15:19:38.899: I/InputDispatcher(306): Delivering touch to current input target: action: 0, channel '40e5cdd0 com.appcelerator.Geolocation/ti.modules.titanium.ui.TiTabActivity (server)'
03-30 15:19:38.899: I/InputDispatcher(306): Delivering touch to current input target: action: 0, channel 'TouchIntercepter (server)'
03-30 15:19:39.009: I/InputReader(306): dispatchTouch::touch event's action is 1, pending(waiting finished signal)=0
03-30 15:19:39.009: I/InputDispatcher(306): Delivering touch to current input target: action: 1, channel '40e5cdd0 com.appcelerator.Geolocation/ti.modules.titanium.ui.TiTabActivity (server)'
03-30 15:19:39.009: I/InputDispatcher(306): Delivering touch to current input target: action: 1, channel 'TouchIntercepter (server)'
03-30 15:19:39.039: W/dalvikvm(13022): JNI: DeleteGlobalRef(0xde89193f) failed to find entry (valid=0)
03-30 15:19:39.049: I/ApplicationPackageManager(13022): cscCountry is not German : XAB
03-30 15:19:39.059: D/TiUIView(13022): (main) [5107,5328] Nativeview is null
03-30 15:19:39.069: D/dalvikvm(12644): GC_EXPLICIT freed 377K, 10% free 6427K/7111K, paused 9ms+2ms
03-30 15:19:39.119: W/dalvikvm(13022): JNI: DeleteGlobalRef(0xde92e9c7) failed to find entry (valid=0)
03-30 15:19:39.129: D/WindowManager(306): Desired input method target: Window{40e5cdd0 com.appcelerator.Geolocation/ti.modules.titanium.ui.TiTabActivity paused=false}
03-30 15:19:39.129: D/WindowManager(306): Current focus: Window{40e5cdd0 com.appcelerator.Geolocation/ti.modules.titanium.ui.TiTabActivity paused=false}
03-30 15:19:39.129: D/WindowManager(306): Last focus: Window{40e5cdd0 com.appcelerator.Geolocation/ti.modules.titanium.ui.TiTabActivity paused=false}
03-30 15:19:39.129: D/WindowManager(306): IM target client: com.android.internal.view.IInputMethodClient$Stub$Proxy@40c57208
03-30 15:19:39.129: D/WindowManager(306): IM target client binder: android.os.BinderProxy@410189e0
03-30 15:19:39.129: D/WindowManager(306): Requesting client binder: android.os.BinderProxy@410189e0
03-30 15:19:39.129: D/InputManagerService(306): startInputLocked: cs=ClientState{41010f20 uid 10061 pid 13022}, cs.pid=13022, Binding.getCallingPid()=306
03-30 15:19:39.129: I/WindowManager(306): Putting input method here!
03-30 15:19:39.129: D/WindowManager(306): w.mAttrs.token=ActivityRecord{40c72820 com.appcelerator.Geolocation/ti.modules.titanium.ui.TiTabActivity}
03-30 15:19:39.129: D/WindowManager(306): w.mToken=AppWindowToken{41050e60 token=ActivityRecord{40c72820 com.appcelerator.Geolocation/ti.modules.titanium.ui.TiTabActivity}}
03-30 15:19:39.129: D/WindowManager(306): token=AppWindowToken{41050e60 token=ActivityRecord{40c72820 com.appcelerator.Geolocation/ti.modules.titanium.ui.TiTabActivity}}
03-30 15:19:39.129: I/WindowManager(306): Placing input method @4
03-30 15:19:39.149: D/TiUIView(13022): (main) [96,5424] Nativeview is null
03-30 15:19:39.559: D/HierarchicalStateMachine(306): handleMessage: E msg.what=83
03-30 15:19:39.559: D/HierarchicalStateMachine(306): processMsg: ConnectedState
03-30 15:19:39.559: D/WifiStateMachine(306): ConnectedState{ what=83 when=-3ms arg1=56 }
03-30 15:19:39.569: D/HierarchicalStateMachine(306): handleMessage: X
03-30 15:19:39.859: V/WindowOrientationListener(306): rotation : 0 Angle: 6 tilt: 34
03-30 15:19:40.589: I/InputReader(306): dispatchTouch::touch event's action is 0, pending(waiting finished signal)=0
03-30 15:19:40.589: I/InputDispatcher(306): Delivering touch to current input target: action: 0, channel '40e5cdd0 com.appcelerator.Geolocation/ti.modules.titanium.ui.TiTabActivity (server)'
03-30 15:19:40.589: I/InputDispatcher(306): Delivering touch to current input target: action: 0, channel 'TouchIntercepter (server)'
03-30 15:19:40.739: I/InputReader(306): dispatchTouch::touch event's action is 1, pending(waiting finished signal)=0
03-30 15:19:40.739: I/InputDispatcher(306): Delivering touch to current input target: action: 1, channel '40e5cdd0 com.appcelerator.Geolocation/ti.modules.titanium.ui.TiTabActivity (server)'
03-30 15:19:40.739: I/InputDispatcher(306): Delivering touch to current input target: action: 1, channel 'TouchIntercepter (server)'
03-30 15:19:40.909: W/dalvikvm(13022): JNI: DeleteGlobalRef(0xde8bdddf) failed to find entry (valid=0)
03-30 15:19:40.919: D/SensorManager(13022): ====>>>>>Num Sensor: 1
03-30 15:19:40.919: D/SensorManager(13022): ====>>>>>Num Sensor: 2
03-30 15:19:40.919: D/SensorManager(13022): ====>>>>>Num Sensor: 3
03-30 15:19:40.919: D/SensorManager(13022): ====>>>>>Num Sensor: 4
03-30 15:19:40.919: D/SensorManager(13022): ====>>>>>Num Sensor: 5
03-30 15:19:40.919: D/SensorManager(13022): ====>>>>>Num Sensor: 6
03-30 15:19:40.919: D/SensorManager(13022): ====>>>>>Num Sensor: 7
03-30 15:19:40.919: D/SensorManager(13022): ====>>>>>Num Sensor: 0
03-30 15:19:40.959: D/SensorManager(13022): registerListener :: handle = 6 name= AK8975 Orientation Sensor delay= 60000 Listener= ti.modules.titanium.geolocation.TiCompass@409e1778
03-30 15:19:40.959: E/SensorManager(13022): =======>>>Sensor Thread RUNNING <<<========
03-30 15:19:40.959: E/AKMD2(306): akm_enable_sensor(3)
03-30 15:19:40.959: E/AKMD2(306): akm_enable_sensor(3)
03-30 15:19:40.959: I/Sensors(306): setDelay :: handle = 6 delay = 200000000
03-30 15:19:40.959: I/Sensors(306): setDelay :: handle = 6 delay = 60000000
03-30 15:19:40.999: D/dalvikvm(13022): GC_CONCURRENT freed 180K, 5% free 7916K/8263K, paused 3ms+2ms
03-30 15:19:41.029: D/TiLocation(13022): (main) [1875,7299] preferredProvider property found [gps]
03-30 15:19:41.029: D/TiLocation(13022): (main) [0,7299] accuracy property found [0]
03-30 15:19:41.029: W/dalvikvm(13022): JNI: DeleteGlobalRef(0xde92e9c7) failed to find entry (valid=0)
03-30 15:19:41.029: I/TiLocationHelper(13022): (main) [1,7300] registering listener with provider [gps], frequency [5000], distance [1.0]
03-30 15:19:41.029: W/GpsLocationProvider(306): Duplicate add listener for uid 10061
03-30 15:19:41.029: E/GPS(306): [assist_gps_request_set_id][line = 1235] : Failed with INVALID SET-ID TYPE
03-30 15:19:41.079: D/TiAPI(13022): True heading should be less than 360 and is:undefined
03-30 15:19:41.279: D/TiAPI(13022): True heading should be less than 360 and is:undefined
03-30 15:19:41.579: D/TiAPI(13022): True heading should be less than 360 and is:undefined
03-30 15:19:41.879: D/TiAPI(13022): True heading should be less than 360 and is:undefined
03-30 15:19:42.169: D/TiAPI(13022): True heading should be less than 360 and is:undefined
03-30 15:19:42.479: D/TiAPI(13022): True heading should be less than 360 and is:undefined
03-30 15:19:42.569: D/HierarchicalStateMachine(306): handleMessage: E msg.what=83
03-30 15:19:42.569: D/HierarchicalStateMachine(306): processMsg: ConnectedState
03-30 15:19:42.569: D/WifiStateMachine(306): ConnectedState{ what=83 when=-4ms arg1=56 }
03-30 15:19:42.589: D/HierarchicalStateMachine(306): handleMessage: X
03-30 15:19:42.779: D/TiAPI(13022): True heading should be less than 360 and is:undefined
03-30 15:19:43.079: D/TiAPI(13022): True heading should be less than 360 and is:undefined
03-30 15:19:43.279: I/InputReader(306): dispatchTouch::touch event's action is 0, pending(waiting finished signal)=0
03-30 15:19:43.279: I/InputDispatcher(306): Delivering touch to current input target: action: 0, channel '40f74928 StatusBar (server)'
03-30 15:19:43.279: I/InputDispatcher(306): Delivering touch to current input target: action: 0, channel 'TouchIntercepter (server)'
03-30 15:19:43.279: I/KeyguardViewMediator(306): mShowing false mNeedToReshowWhenReenabled false
03-30 15:19:43.279: I/ProvisionLog(306): [KeyguardUpdateMonitor] in isDeviceProvisioned(), now return true
03-30 15:19:43.279: I/KeyguardViewMediator(306): mShowing false mNeedToReshowWhenReenabled false
03-30 15:19:43.279: I/ProvisionLog(306): [KeyguardUpdateMonitor] in isDeviceProvisioned(), now return true
03-30 15:19:43.279: I/InputDispatcher(306): Delivering key to current input target: action: 0, channel '40e5cdd0 com.appcelerator.Geolocation/ti.modules.titanium.ui.TiTabActivity (server)'
03-30 15:19:43.279: I/InputDispatcher(306): Delivering key to current input target: action: 0, channel 'TouchIntercepter (server)'
03-30 15:19:43.289: I/TabletStatusBar(353): MSG_UPDATE_STATUSBAR_AGAIN
03-30 15:19:43.379: D/TiAPI(13022): True heading should be less than 360 and is:undefined
03-30 15:19:43.419: I/InputReader(306): dispatchTouch::touch event's action is 1, pending(waiting finished signal)=0
03-30 15:19:43.419: I/InputDispatcher(306): Delivering touch to current input target: action: 1, channel '40f74928 StatusBar (server)'
03-30 15:19:43.419: I/InputDispatcher(306): Delivering touch to current input target: action: 1, channel 'TouchIntercepter (server)'
03-30 15:19:43.419: I/KeyguardViewMediator(306): mShowing false mNeedToReshowWhenReenabled false
03-30 15:19:43.429: I/ProvisionLog(306): [KeyguardUpdateMonitor] in isDeviceProvisioned(), now return true
03-30 15:19:43.429: I/KeyguardViewMediator(306): mShowing false mNeedToReshowWhenReenabled false
03-30 15:19:43.429: I/ProvisionLog(306): [KeyguardUpdateMonitor] in isDeviceProvisioned(), now return true
03-30 15:19:43.429: I/InputDispatcher(306): Delivering key to current input target: action: 1, channel '40e5cdd0 com.appcelerator.Geolocation/ti.modules.titanium.ui.TiTabActivity (server)'
03-30 15:19:43.429: I/InputDispatcher(306): Delivering key to current input target: action: 1, channel 'TouchIntercepter (server)'
03-30 15:19:43.499: E/TiBaseActivity(13022): (main) [2473,9773] Layout cleanup.
03-30 15:19:43.509: W/dalvikvm(13022): JNI: DeleteGlobalRef(0xde92e9c7) failed to find entry (valid=0)
03-30 15:19:43.509: D/WindowManager(306): Setting visibility of AppWindowToken{40ceb200 token=ActivityRecord{40be8eb8 com.android.launcher/com.android.launcher2.Launcher}}: true
03-30 15:19:43.519: D/Launcher(389): ---KUYA isDefaultIMEI() KUYA---
03-30 15:19:43.519: D/ProgramMonitor(12659): START onReceive()_intent : Intent { act=sec.android.intent.action.HOME_RESUME flg=0x10 cmp=com.sec.android.widgetapp.programmonitorwidget/.ProgramMonitorProvider }
03-30 15:19:43.519: E/TODmobile(12666): onReceive action=sec.android.intent.action.HOME_RESUME
03-30 15:19:43.529: E/TODmobile(12666): hour : 03 minute : 19
03-30 15:19:43.529: E/DigitalClockWidget(12666): updateWidgets
03-30 15:19:43.529: E/TODmobile(12666): hour : 03 minute : 19
03-30 15:19:43.529: I/SurfaceFlinger(237): id=27(4) createSurface 0x141a94 for pid 389 (1280x752),1 flag=0, com.android.launcher/com.android.launcher2.Launcher
03-30 15:19:43.539: D/Launcher(389): onWindowFocusChanged(true)
03-30 15:19:43.539: D/WindowManager(306): Desired input method target: Window{40c2cb10 com.android.launcher/com.android.launcher2.Launcher paused=false}
03-30 15:19:43.539: D/WindowManager(306): Current focus: Window{40c2cb10 com.android.launcher/com.android.launcher2.Launcher paused=false}
03-30 15:19:43.539: D/WindowManager(306): Last focus: Window{40c2cb10 com.android.launcher/com.android.launcher2.Launcher paused=false}
03-30 15:19:43.539: D/WindowManager(306): IM target client: com.android.internal.view.IInputMethodClient$Stub$Proxy@40c57118
03-30 15:19:43.539: D/WindowManager(306): IM target client binder: android.os.BinderProxy@40bfdd60
03-30 15:19:43.539: D/WindowManager(306): Requesting client binder: android.os.BinderProxy@40bfdd60
03-30 15:19:43.539: D/CLIPBOARD(13022): Hide Clipboard dialog at Starting input: finished by someone else... !
03-30 15:19:43.539: D/InputManagerService(306): startInputLocked: cs=ClientState{40b95ea0 uid 10034 pid 389}, cs.pid=389, Binding.getCallingPid()=306
03-30 15:19:43.539: I/WindowManager(306): Putting input method here!
03-30 15:19:43.539: D/WindowManager(306): w.mAttrs.token=ActivityRecord{40be8eb8 com.android.launcher/com.android.launcher2.Launcher}
03-30 15:19:43.539: D/WindowManager(306): w.mToken=AppWindowToken{40ceb200 token=ActivityRecord{40be8eb8 com.android.launcher/com.android.launcher2.Launcher}}
03-30 15:19:43.539: D/WindowManager(306): token=AppWindowToken{40ceb200 token=ActivityRecord{40be8eb8 com.android.launcher/com.android.launcher2.Launcher}}
03-30 15:19:43.539: I/WindowManager(306): Placing input method @2
03-30 15:19:43.549: D/CLIPBOARD(306): Hide Clipboard dialog inside hideSoftInput() !
03-30 15:19:43.549: D/CLIPBOARD(306): Hide Clipboard dialog inside windowGainedFocus() !
03-30 15:19:43.569: D/WindowManager(306): Setting visibility of AppWindowToken{41050e60 token=ActivityRecord{40c72820 com.appcelerator.Geolocation/ti.modules.titanium.ui.TiTabActivity}}: false
03-30 15:19:43.599: D/dalvikvm(12666): GC_CONCURRENT freed 384K, 10% free 6375K/7047K, paused 2ms+12ms
03-30 15:19:43.679: D/TiAPI(13022): True heading should be less than 360 and is:undefined
03-30 15:19:43.689: D/dalvikvm(306): GC_CONCURRENT freed 596K, 24% free 12585K/16519K, paused 3ms+8ms
03-30 15:19:43.689: E/DigitalClockWidget(12666): onReceive action=sec.android.intent.action.HOME_RESUME
03-30 15:19:43.699: E/TODmobile(12666): onStartCommand
03-30 15:19:43.699: E/TODmobile(12666): onReceive action=com.sec.android.widgetapp.DigitalClock_Start
03-30 15:19:43.699: E/com.samsung.app(2691): [MSC]>>> StockClock_Integration.java:140 [0:0] onReceive sec.android.intent.action.HOME_RESUME
03-30 15:19:43.699: E/com.samsung.app(2691): [MSC]>>> WidgetIdManager.java:23 [0:0] StockClock_WidgetID_Length202
03-30 15:19:43.699: E/com.samsung.app(2691): [MSC]>>> WidgetIdManager.java:24 [0:0] getPrefIDs() : length = 0
03-30 15:19:43.699: E/TODmobile(12666): hour : 03 minute : 19
03-30 15:19:43.699: E/DigitalClockWidget(12666): updateWidgets
03-30 15:19:43.699: E/com.samsung.app(2691): [MSC]>>> WidgetIdManager.java:23 [0:0] StockClock_WidgetID_Length203
03-30 15:19:43.699: E/com.samsung.app(2691): [MSC]>>> WidgetIdManager.java:24 [0:0] getPrefIDs() : length = 0
03-30 15:19:43.709: E/com.samsung.app(2691): [MSC]>>> WidgetIdManager.java:23 [0:0] StockClock_WidgetID_Length204
03-30 15:19:43.709: E/com.samsung.app(2691): [MSC]>>> WidgetIdManager.java:24 [0:0] getPrefIDs() : length = 0
03-30 15:19:43.709: E/com.samsung.app(2691): [MSC]>>> WidgetIdManager.java:23 [0:0] StockClock_WidgetID_Length205
03-30 15:19:43.709: E/com.samsung.app(2691): [MSC]>>> WidgetIdManager.java:24 [0:0] getPrefIDs() : length = 0
03-30 15:19:43.709: E/com.samsung.app(2691): [MSC]>>> WidgetIdManager.java:23 [0:0] StockClock_WidgetID_Length207
03-30 15:19:43.709: E/com.samsung.app(2691): [MSC]>>> WidgetIdManager.java:24 [0:0] getPrefIDs() : length = 0
03-30 15:19:43.709: E/com.samsung.app(2691): [MSC]>>> WidgetIdManager.java:23 [0:0] StockClock_WidgetID_Length302
03-30 15:19:43.709: E/com.samsung.app(2691): [MSC]>>> WidgetIdManager.java:24 [0:0] getPrefIDs() : length = 0
03-30 15:19:43.709: E/com.samsung.app(2691): [MSC]>>> WidgetIdManager.java:23 [0:0] StockClock_WidgetID_Length303
03-30 15:19:43.709: E/com.samsung.app(2691): [MSC]>>> WidgetIdManager.java:24 [0:0] getPrefIDs() : length = 0
03-30 15:19:43.709: E/com.samsung.app(2691): [MSC]>>> WidgetIdManager.java:23 [0:0] StockClock_WidgetID_Length304
03-30 15:19:43.709: E/com.samsung.app(2691): [MSC]>>> WidgetIdManager.java:24 [0:0] getPrefIDs() : length = 0
03-30 15:19:43.709: E/com.samsung.app(2691): [MSC]>>> WidgetIdManager.java:23 [0:0] StockClock_WidgetID_Length305
03-30 15:19:43.709: E/com.samsung.app(2691): [MSC]>>> WidgetIdManager.java:24 [0:0] getPrefIDs() : length = 0
03-30 15:19:43.709: E/TODmobile(12666): hour : 03 minute : 19
03-30 15:19:43.709: E/com.samsung.app(2691): [MSC]>>> WidgetIdManager.java:23 [0:0] StockClock_WidgetID_Length307
03-30 15:19:43.719: E/com.samsung.app(2691): [MSC]>>> WidgetIdManager.java:24 [0:0] getPrefIDs() : length = 0
03-30 15:19:43.719: D/SocialHubWidgetProvider(2704): ===== onReceive()=action=sec.android.intent.action.HOME_RESUME
03-30 15:19:43.719: D/SocialHubWidgetProvider(2704): ===== onReceive()=extras=null
03-30 15:19:43.729: E/com.samsung.app(545): [MSC]>>> WeatherWidgetProvider.java:352 [0:0] onReceive()@@@ sec.android.intent.action.HOME_RESUME
03-30 15:19:43.729: E/com.samsung.app(545): [MSC]>>> WidgetIdManager.java:53 [0:0] AccuWeatherClockWidgetID_Length
03-30 15:19:43.729: E/com.samsung.app(545): [MSC]>>> WidgetIdManager.java:54 [0:0] getPrefIDs() : length = 0
03-30 15:19:43.749: I/PhotoAppWidgetProvider(588): Gallery PhotoWidget ResumeSlideShow
03-30 15:19:43.749: D/WidgetProvider(12683): onReceive action : sec.android.intent.action.HOME_RESUME
03-30 15:19:43.789: I/SurfaceFlinger(237): id=26 Removed com.appcelerator.Geolocation/ti.modules.titanium.ui.TiTabActivity idx=3 Map Size=3
03-30 15:19:43.789: W/dalvikvm(13022): JNI: DeleteGlobalRef(0xde89193f) failed to find entry (valid=0)
03-30 15:19:43.819: W/dalvikvm(13022): JNI: DeleteGlobalRef(0xde92e9c7) failed to find entry (valid=0)
03-30 15:19:43.819: W/dalvikvm(13022): JNI: DeleteGlobalRef(0xde89193f) failed to find entry (valid=0)
03-30 15:19:43.819: E/TiBaseActivity(13022): (main) [319,10092] Layout cleanup.
03-30 15:19:43.819: E/TiBaseActivity(13022): (main) [2,10094] Layout cleanup.
03-30 15:19:43.829: I/SurfaceFlinger(237): id=26 Removed com.appcelerator.Geolocation/ti.modules.titanium.ui.TiTabActivity idx=-2 Map Size=3
03-30 15:19:43.989: I/DEBUG(236): *** *** *** *** *** *** *** *** *** *** *** *** *** *** *** ***
03-30 15:19:43.989: I/DEBUG(236): Build fingerprint: 'samsung/GT-P7510/GT-P7510:3.2/HTJ85B/UEKMP:user/release-keys'
03-30 15:19:43.989: I/DEBUG(236): pid: 13022, tid: 13031 >>> com.appcelerator.Geolocation <<<
03-30 15:19:43.989: I/DEBUG(236): signal 11 (SIGSEGV), code 1 (SEGV_MAPERR), fault addr 00000000
03-30 15:19:43.989: I/DEBUG(236): r0 00000001 r1 00000002 r2 000000a3 r3 58ffbfa5
03-30 15:19:43.989: I/DEBUG(236): r4 00189028 r5 001e0d68 r6 001b0710 r7 001dfd74
03-30 15:19:43.989: I/DEBUG(236): r8 00001c34 r9 409e0d00 10 001b0710 fp 001dfd70
03-30 15:19:43.989: I/DEBUG(236): ip 00000000 sp 5c3eda98 lr 8198a51c pc 81a888ec cpsr 20000010
03-30 15:19:43.989: I/DEBUG(236): d0 4073998000000000 d1 3ff0000000000000
03-30 15:19:43.989: I/DEBUG(236): d2 3ff0000000000000 d3 4197d78400000000
03-30 15:19:43.989: I/DEBUG(236): d4 3ff0000000000000 d5 41d3dd8c5fc00000
03-30 15:19:43.989: I/DEBUG(236): d6 0000001a00000000 d7 0000001a00000000
03-30 15:19:43.989: I/DEBUG(236): d8 0000000000000000 d9 0000000000000000
03-30 15:19:43.989: I/DEBUG(236): d10 0000000000000000 d11 0000000000000000
03-30 15:19:43.989: I/DEBUG(236): d12 0000000000000000 d13 0000000000000000
03-30 15:19:43.989: I/DEBUG(236): d14 0000000000000000 d15 0000000000000000
03-30 15:19:43.989: I/DEBUG(236): scr 80000013
03-30 15:19:44.179: I/DEBUG(236): #00 pc 81a888ec /data/data/com.appcelerator.Geolocation/lib/libkroll-v8.so
03-30 15:19:44.179: I/DEBUG(236): #01 lr 8198a51c /data/data/com.appcelerator.Geolocation/lib/libkroll-v8.so
03-30 15:19:44.179: I/DEBUG(236): libc base address: aff00000
03-30 15:19:44.179: I/DEBUG(236): code around pc:
03-30 15:19:44.179: I/DEBUG(236): 81a888cc e2811001 e3500001 e24dd020 e58415c0
03-30 15:19:44.179: I/DEBUG(236): 81a888dc e1a0c002 e59475b8 e59455bc 0a000031
03-30 15:19:44.179: I/DEBUG(236): 81a888ec e59c3000 e3130001 1a000013 e1b020c3
03-30 15:19:44.179: I/DEBUG(236): 81a888fc 4a000050 e1a01006 e1a00004 e58d2018
03-30 15:19:44.179: I/DEBUG(236): 81a8890c ebffbef1 e1a06000 e59435c0 e59425bc
03-30 15:19:44.179: I/DEBUG(236): code around lr:
03-30 15:19:44.179: I/DEBUG(236): 8198a4fc e1a07000 e5930000 e1a06001 eb02ef87
03-30 15:19:44.179: I/DEBUG(236): 8198a50c e1a01007 e1a02006 e1a05000 eb03f8e5
03-30 15:19:44.179: I/DEBUG(236): 8198a51c e2003003 e3530003 e1a09000 0a000007
03-30 15:19:44.179: I/DEBUG(236): 8198a52c e59505b8 e59535bc e1500003 0a000048
03-30 15:19:44.179: I/DEBUG(236): 8198a53c e2803004 e58535b8 e5809000 e8bd87f0
03-30 15:19:44.179: I/DEBUG(236): stack:
03-30 15:19:44.179: I/DEBUG(236): 5c3eda58 00000000
03-30 15:19:44.179: I/DEBUG(236): 5c3eda5c 00000003
03-30 15:19:44.179: I/DEBUG(236): 5c3eda60 80b684b8
03-30 15:19:44.179: I/DEBUG(236): 5c3eda64 80b68450
03-30 15:19:44.179: I/DEBUG(236): 5c3eda68 00000003
03-30 15:19:44.179: I/DEBUG(236): 5c3eda6c 00184970
03-30 15:19:44.179: I/DEBUG(236): 5c3eda70 80b684b8
03-30 15:19:44.199: I/DEBUG(236): 5c3eda74 80b68450
03-30 15:19:44.199: I/DEBUG(236): 5c3eda78 00000007
03-30 15:19:44.199: I/DEBUG(236): 5c3eda7c 81995fc8 /data/data/com.appcelerator.Geolocation/lib/libkroll-v8.so
03-30 15:19:44.199: I/DEBUG(236): 5c3eda80 409e8848
03-30 15:19:44.199: I/DEBUG(236): 5c3eda84 0000000e
03-30 15:19:44.199: I/DEBUG(236): 5c3eda88 00000007
03-30 15:19:44.199: I/DEBUG(236): 5c3eda8c 81996ef8 /data/data/com.appcelerator.Geolocation/lib/libkroll-v8.so
03-30 15:19:44.199: I/DEBUG(236): 5c3eda90 df002777
03-30 15:19:44.199: I/DEBUG(236): 5c3eda94 e3a070ad
03-30 15:19:44.199: I/DEBUG(236): 5c3eda98 5c3edab0
03-30 15:19:44.199: I/DEBUG(236): 5c3eda9c 00189028
03-30 15:19:44.199: I/DEBUG(236): 5c3edaa0 00189080
03-30 15:19:44.199: I/DEBUG(236): 5c3edaa4 00000000
03-30 15:19:44.199: I/DEBUG(236): 5c3edaa8 aca9b658
03-30 15:19:44.199: I/DEBUG(236): 5c3edaac 409e8838
03-30 15:19:44.199: I/DEBUG(236): 5c3edab0 acaa11b8
03-30 15:19:44.199: I/DEBUG(236): 5c3edab4 409e8848
03-30 15:19:44.199: I/DEBUG(236): 5c3edab8 81c9b7c0
03-30 15:19:44.199: I/DEBUG(236): 5c3edabc 00189028
03-30 15:19:44.199: I/DEBUG(236): 5c3edac0 00000000
03-30 15:19:44.199: I/DEBUG(236): 5c3edac4 001b0710
03-30 15:19:44.199: I/DEBUG(236): 5c3edac8 00001c34
03-30 15:19:44.199: I/DEBUG(236): 5c3edacc 8198a51c /data/data/com.appcelerator.Geolocation/lib/libkroll-v8.so
03-30 15:19:44.199: I/DEBUG(236): 5c3edad0 00189028
03-30 15:19:44.199: I/DEBUG(236): 5c3edad4 00189080
03-30 15:19:44.199: I/DEBUG(236): 5c3edad8 001b0710
03-30 15:19:44.199: I/DEBUG(236): 5c3edadc 00000000
03-30 15:19:44.199: I/DEBUG(236): 5c3edae0 00000004
03-30 15:19:44.209: I/DEBUG(236): 5c3edae4 409e0d00
03-30 15:19:44.209: I/DEBUG(236): 5c3edae8 001b0710
03-30 15:19:44.209: I/DEBUG(236): 5c3edaec 8191405c /data/data/com.appcelerator.Geolocation/lib/libkroll-v8.so
03-30 15:19:44.209: I/DEBUG(236): 5c3edaf0 81c9b7c0
03-30 15:19:44.209: I/DEBUG(236): 5c3edaf4 5c3edb28
03-30 15:19:44.209: I/DEBUG(236): 5c3edaf8 0000129c
03-30 15:19:44.209: I/DEBUG(236): 5c3edafc 001180a0
03-30 15:19:44.209: I/DEBUG(236): 5c3edb00 00000000
03-30 15:19:44.209: I/DEBUG(236): 5c3edb04 8186f179 /data/data/com.appcelerator.Geolocation/lib/libkroll-v8.so
03-30 15:19:44.209: I/DEBUG(236): 5c3edb08 5c3edb70
03-30 15:19:44.209: I/DEBUG(236): 5c3edb0c 00000000
03-30 15:19:44.209: I/DEBUG(236): 5c3edb10 00000000
03-30 15:19:44.209: I/DEBUG(236): 5c3edb14 95c636c6
03-30 15:19:44.209: I/DEBUG(236): 5c3edb18 000005bf
03-30 15:19:44.209: I/DEBUG(236): 5c3edb1c aff4171c
03-30 15:19:44.209: I/DEBUG(236): 5c3edb20 aca9b658
03-30 15:19:44.209: I/DEBUG(236): 5c3edb24 64a49bd7
03-30 15:19:44.209: I/DEBUG(236): 5c3edb28 00189028
03-30 15:19:44.209: I/DEBUG(236): 5c3edb2c 00000000
03-30 15:19:44.209: I/DEBUG(236): 5c3edb30 00000000
03-30 15:19:44.209: I/DEBUG(236): 5c3edb34 aca6c700 /system/lib/libdvm.so
03-30 15:19:44.209: I/DEBUG(236): 5c3edb38 4080a018
03-30 15:19:44.209: I/DEBUG(236): 5c3edb3c 00000018
03-30 15:19:44.209: I/DEBUG(236): 5c3edb40 00000000
03-30 15:19:44.209: I/DEBUG(236): 5c3edb44 5c3edb90
03-30 15:19:44.209: I/DEBUG(236): 5c3edb48 00000007
03-30 15:19:44.209: I/DEBUG(236): 5c3edb4c 5c3edc18
03-30 15:19:44.209: I/DEBUG(236): 5c3edb50 400b2ea0
03-30 15:19:44.209: I/DEBUG(236): 5c3edb54 5c3edb70
03-30 15:19:44.209: I/DEBUG(236): 5c3edb58 400b2e90
03-30 15:19:44.219: I/DEBUG(236): 5c3edb5c 001180a0
03-30 15:19:44.219: I/DEBUG(236): 5c3edb60 fffffe90
03-30 15:19:44.219: I/DEBUG(236): 5c3edb64 aca11d38 /system/lib/libdvm.so
03-30 15:19:44.219: I/DEBUG(236): 5c3edb68 409e8818
03-30 15:19:44.219: I/DEBUG(236): 5c3edb6c 40876dc0
03-30 15:19:44.219: I/DEBUG(236): 5c3edb70 00191dc8
03-30 15:19:44.219: I/DEBUG(236): 5c3edb74 00000001
03-30 15:19:44.219: I/DEBUG(236): 5c3edb78 5c3edc18
03-30 15:19:44.219: I/DEBUG(236): 5c3edb7c 400b2e8c
03-30 15:19:44.219: I/DEBUG(236): 5c3edb80 593aae54
03-30 15:19:44.219: I/DEBUG(236): 5c3edb84 00000000
03-30 15:19:44.219: I/DEBUG(236): 5c3edb88 5c3edb90
03-30 15:19:44.219: I/DEBUG(236): 5c3edb8c aca41263 /system/lib/libdvm.so
03-30 15:19:44.219: I/DEBUG(236): 5c3edb90 400b2e8c
03-30 15:19:44.219: I/DEBUG(236): 5c3edb94 5c288dc9
03-30 15:19:44.219: I/DEBUG(236): 5c3edb98 8186f139 /data/data/com.appcelerator.Geolocation/lib/libkroll-v8.so
03-30 15:19:44.219: I/DEBUG(236): 5c3edb9c 5c3edc18
03-30 15:19:44.249: D/TiLocation(13022): (main) [427,10521] preferredProvider property found [gps]
03-30 15:19:44.249: D/TiLocation(13022): (main) [1,10522] accuracy property found [0]
03-30 15:19:45.159: D/TiLocation(13022): (main) [910,11432] preferredProvider property found [gps]
03-30 15:19:45.159: D/TiLocation(13022): (main) [0,11432] accuracy property found [0]
03-30 15:19:45.589: D/HierarchicalStateMachine(306): handleMessage: E msg.what=83
03-30 15:19:45.589: D/HierarchicalStateMachine(306): processMsg: ConnectedState
03-30 15:19:45.589: D/WifiStateMachine(306): ConnectedState{ what=83 when=-3ms arg1=56 }
03-30 15:19:45.609: D/HierarchicalStateMachine(306): handleMessage: X
03-30 15:19:45.879: I/DEBUG(236): dumpstate /data/log/dumpstate_app_native.txt
03-30 15:19:45.879: I/BootReceiver(306): Copying /data/tombstones/tombstone_07 to DropBox (SYSTEM_TOMBSTONE)
03-30 15:19:45.899: I/dumpstate(13038): begin
03-30 15:19:46.019: D/dalvikvm(306): GC_CONCURRENT freed 2078K, 28% free 12040K/16519K, paused 3ms+5ms